t is h(59)?
-9
Let i(p) = 2*p**3 - 318*p**2 + 314*p + 309. What is i(158)?
-7
Let s(l) = -l**3 - 11*l**2 + 134*l + 1458. Calculate s(-12).
-6
Let p(d) = d**2 + 11*d + 8. Calculate p(-18).
134
Let c(v) = -65*v**3 + 2*v**2 - v. Give c(1).
-64
Let m(j) = -186*j + 59. Give m(1).
-127
Let v(c) = -1859*c - 9278. Give v(-5).
17
Let o(r) = 74*r**3 - 1410*r**2 + 80*r - 95. Determine o(19).
-19
Let m(w) = 3*w**2 + 3*w + 36. Give m(-6).
126
Let l(r) = 2*r**3 - 4*r**2 - 6*r + 43. What is l(6)?
295
Let p(s) = -3*s**3 + 256*s**2 - 583*s + 171. Calculate p(83).
5
Let i(d) = 2239*d - 13379. What is i(6)?
55
Let o(z) = -z**3 - 13*z**2 + 33*z + 301. Determine o(-4).
25
Let n(q) = -24*q - 276. Determine n(-8).
-84
Let c(q) = -q**2 + 108*q + 1159. Calculate c(118).
-21
Let z(h) = 3*h**3 - 3*h**2 + 2*h - 5. Give z(3).
55
Let f(w) = -w**3 - 25*w**2 - 119*w - 4. Calculate f(-7).
-53
Let s(x) = 3*x**2 + 175*x + 995. Determine s(-52).
7
Let m(i) = -2*i**3 + 15*i**2 - 22*i - 11. Calculate m(5).
4
Let t(v) = v**2 - 70*v - 1056. Determine t(-13).
23
Let g(s) = s**2 - 375*s + 29764. Determine g(261).
10
Let w(d) = 20*d**2 - 113*d + 89. Give w(5).
24
Let j(o) = 13*o**2 - 9*o + 15. What is j(2)?
49
Let c(g) = -g**3 + 40*g**2 + 81*g + 114. Give c(42).
-12
Let d(n) = 7*n**2 - 5*n - 8. Give d(4).
84
Let z(g) = g**3 - 17*g**2 + 41*g + 38. Determine z(4).
-6
Let r(h) = -5*h**2 + 800*h + 70. What is r(160)?
70
Let l(w) = -w**3 + 14*w**2 - 27*w + 32. Give l(12).
-4
Let w(s) = s**3 - 11*s**2 - 26*s - 5. Give w(-4).
-141
Let q(v) = v**2 - 46*v + 234. Give q(6).
-6
Let y(o) = 218*o + 4114. Determine y(-19).
-28
Let o(h) = h**3 - 80*h**2 - 427*h + 173. Give o(85).
3
Let z(j) = 455*j + 78. What is z(-2)?
-832
Let f(q) = q**3 + 5*q**2 - 27*q - 79. Give f(-8).
-55
Let o(b) = -b - 46. What is o(-57)?
11
Let h(o) = -4*o**3 - 2*o**2 - 6*o - 15. Calculate h(-2).
21
Let p(m) = 88*m - 90. What is p(1)?
-2
Let v(m) = m**3 + 51*m**2 + 267*m + 9. Determine v(-6).
27
Let s(d) = d**2 - 328*d + 3269. Calculate s(10).
89
Let n(f) = -84*f - 947. What is n(-6)?
-443
Let u(a) = a**3 - 19*a**2 + 53*a + 34. What is u(16)?
114
Let o(r) = -r**3 - 10*r**2 + 36*r + 263. Determine o(-11).
-12
Let u(f) = f**2 + 1137*f - 84498. What is u(70)?
-8
Let z(b) = 34*b**3 + 172*b**2 - 7*b - 47. Determine z(-5).
38
Let k(s) = -s**2 - 129*s + 682. Calculate k(-134).
12
Let z(r) = -4*r**2 + 150*r - 208. Give z(36).
8
Let b(p) = 24*p - 204. Determine b(20).
276
Let o(f) = -f**2 + f + 651. Determine o(-25).
1
Let l(r) = r**3 + 39*r**2 + 172*r + 51. What is l(-34)?
-17
Let u(n) = -n**2 + 19*n + 1317. Calculate u(47).
1
Let x(b) = 63*b - 1921. Give x(30).
-31
Let w(i) = 4*i**2 + 100*i - 51. Determine w(-20).
-451
Let f(u) = u**2 + 84*u + 1281. Calculate f(-66).
93
Let j(n) = n**2 - 14*n - 89. What is j(-5)?
6
Let o(v) = 527*v - 5176. Determine o(10).
94
Let y(h) = -h**3 - 3*h**2 + 138*h + 765. What is y(-7)?
-5
Let b(q) = -q**3 + 15*q**2 + 101*q - 9. Determine b(20).
11
Let p(w) = 12*w + 112. Give p(-6).
40
Let g(n) = -8*n**3 + 81*n**2 + 60*n - 726. What is g(10)?
-26
Let r(q) = -5*q**3 - 25*q**2 + 168*q + 808. Calculate r(-5).
-32
Let c(b) = -107*b - 20003. What is c(-187)?
6
Let h(f) = -400*f + 12772. Give h(32).
-28
Let p(s) = 269*s - 536. What is p(2)?
2
Let l(w) = -3*w**3 + 30*w**2 - 12*w + 108. Determine l(11).
-387
Let l(i) = -1139*i - 10247. Give l(-9).
4
Let x(b) = -2*b**3 + 11*b**2 - 17*b + 52. Calculate x(6).
-86
Let g(a) = -448*a + 33605. Give g(75).
5
Let p(y) = 6*y**3 + 76*y**2 + 48*y - 5. Give p(-12).
-5
Let q(o) = -o**2 + 26*o + 100. Determine q(37).
-307
Let t(k) = 2481*k + 7426. Calculate t(-3).
-17
Let z(a) = -31*a**3 + 6*a - 5. Determine z(1).
-30
Let s(v) = -26*v + 207. Give s(-17).
649
Let n(o) = 33*o - 4649. What is n(141)?
4
Let w(y) = -2*y**3 - 53*y**2 - 255*y + 9. Calculate w(-5).
209
Let z(x) = -2*x + 80. Give z(23).
34
Let m(p) = -6*p**2 - 330*p - 3883. Calculate m(-17).
-7
Let w(m) = -m**3 + 47*m**2 + 44*m + 89. Give w(48).
-103
Let k(a) = a**3 + 5*a**2 - 6*a - 14. Give k(-4).
26
Let j(m) = 2*m**2 + 33*m + 68. Calculate j(-2).
10
Let i(y) = -y**3 + 75*y**2 - 62*y - 760. Give i(74).
128
Let m(d) = d**3 + 20*d**2 - 434*d - 8707. Calculate m(-21).
-34
Let t(j) = j**3 + 2*j**2 - 15*j - 83. Calculate t(-4).
-55
Let q(j) = j**3 + 5*j**2 + 22*j - 6. What is q(-9)?
-528
Let y(b) = -350*b + 947. Give y(3).
-103
Let o(c) = -2*c**3 - 27*c**2 + 15*c + 4. Determine o(-14).
-10
Let m(y) = y**2 - 129*y + 3999. Determine m(52).
-5
Let r(c) = 22*c - 190. Give r(-4).
-278
Let v(j) = -6*j**2 + 19*j + 13. Determine v(-4).
-159
Let j(w) = w**2 - 2*w + 126. Give j(0).
126
Let a(g) = 44*g + 2284. Determine a(-61).
-400
Let t(f) = -f**3 + 10*f**2 - 31*f + 37. Determine t(6).
-5
Let u(c) = c**2 - 356*c + 1062. Give u(3).
3
Let s(o) = o**3 + 95*o**2 - 193*o + 432. Determine s(-97).
335
Let v(y) = 636*y - 3182. What is v(5)?
-2
Let x(l) = l**3 + 6*l**2 + 19*l + 8. What is x(-6)?
-106
Let f(d) = -11*d**3 + 55*d**2 - 8*d + 47. Give f(5).
7
Let k(g) = -167*g - 9. Determine k(0).
-9
Let o(f) = f**3 + 19*f**2 + 20*f - 25. Give o(-18).
-61
Let g(a) = -a**3 - a**2 - 240*a + 479. What is g(2)?
-13
Let s(m) = 5*m**3 - 602*m**2 + 228*m + 1434. Calculate s(120).
-6
Let j(q) = -256*q**3 - 2*q**2. Give j(1).
-258
Let m(a) = -a**3 - 3*a**2 + 130*a + 281. What is m(-2)?
17
Let g(i) = -124*i - 3597. What is g(-29)?
-1
Let h(d) = -d**3 + 9*d**2 + 679*d + 87. Give h(31).
-6
Let g(v) = -56*v**2 + 38*v - 101. What is g(3)?
-491
Let g(w) = 37*w**2 - 1819*w - 42. What is g(49)?
-336
Let z(s) = 10*s**2 - 1033*s + 11969. Give z(90).
-1
Let h(g) = 501*g - 26051. Calculate h(52).
1
Let t(h) = 3*h - 253. What is t(-24)?
-325
Let k(m) = 3*m + 896. What is k(-36)?
788
Let o(k) = -k**3 + 8*k**2 + 332*k - 3489. Give o(13).
-18
Let d(x) = 20*x - 1385. Give d(69).
-5
Let p(k) = -k**3 + 8*k**2 - 4*k - 1. Give p(7).
20
Let h(b) = -230*b - 910. Calculate h(-4).
10
Let p(b) = -4*b**3 + 279*b**2 + 110*b - 2805. What is p(70)?
-5
Let y(o) = -12*o**2 - 40*o - 212. What is y(-6)?
-404
Let b(u) = -3*u**3 - 117*u**2 + 4*u + 151. Give b(-39).
-5
Let q(p) = -8*p + 32. Give q(30).
-208
Let m(z) = -8*z**2 + 71*z + 6. Give m(0).
6
Let y(b) = 9*b**3 + 20*b**2 - 13*b - 17. Calculate y(-1).
7
Let v(p) = 533*p - 50094. Determine v(94).
8
Let l(m) = 2*m**3 - 5*m**2 + 8*m + 7. Give l(-3).
-116
Let r(p) = -5*p - 54. Calculate r(0).
-54
Let y(i) = -181*i - 2611. What is y(-12)?
-439
Let h(v) = v**2 - 18*v - 284. Determine h(-11).
35
Let m(u) = -2*u**3 + 79*u**2 + 460*u + 76. What is m(-5)?
1
Let q(m) = -453*m**2 + 4530*m + 6. Give q(10).
6
Let j(r) = 3*r**2 + 251*r + 425. Give j(-82).
15
Let s(o) = 2*o**2 + 10*o - 93. What is s(-10)?
7
Let u(q) = -20*q**2 + 58*q + 5. Calculate u(3).
-1
Let y(z) = -7*z + 263. Give y(39).
-10
Let r(s) = 4*s**2 + 6. Give r(-5).
106
Let s(x) = -2*x**2 + 211*x + 1527. Calculate s(112).
71
Let s(m) = 4*m**2 - 5*m + 4. Determine s(13).
615
Let k(c) = -c**2 - 31*c - 252. What is k(-18)?
-18
Let g(k) = 245*k - 4410. Determine g(18).
0
Let t(s) = s**3 + 19*s**2 - 44*s - 51. Determine t(-21).
-9
Let j(q) = 683*q + 103130. What is j(-151)?
-3
Let t(a) = a**2 - 67*a + 989. What is t(24)?
-43
Let z(j) = -2*j**2 - 110*j - 1287. Determine z(-35).
113
Let u(c) = -57*c - 43. Give u(5).
-328
Let y(z) = -1380*z - 19320. Give y(-14).
0
Let s(x) = -x**2 + 194*x + 10751. Determine s(239).
-4
Let s(l) = -4*l - 117. Determine s(-29).
-1
Let z(b) = 1639*b - 60638. What is z(37)?
5
Let s(g) = -59*g - 321. Give s(-5).
-26
Let w(a) = 3*a**2 - 33*a - 179. Give w(-4).
1
Let q(f) = -62*f**2 - 13*f - 2. Determine q(2).
-276
Let t(c) = -5*c**3 + 82*c**2 - 5*c - 438. What is t(16)?
-6
Let m(h) = 4*h**3 + 251*h**2 + 186*h - 7. Determine m(-62).
-7
Let x(p) = -411*p + 2177. What is x(5)?
122
Let r(a) = -15497*a + 61957. Determine r(4).
-31
Let c(g) = 5*g - 39. What is c(10)?
11
Let c(m) = m**3 + 5*m**2 + 7*m + 72. Determine c(-6).
-6
Let n(o) = 6*o**2 + 21*o + 61. Determine n(-6).
151
Let p(o) = -3*o**2 + 12*o + 100. What is p(-7)?
-131
Let l(q) = -q**2 - 4*q + 2. What is l(-14)?
-138
Let a(p) = p**2 - 81*p + 1600. Calculate a(35).
-10
Let v(x) = 10*x - 166. Give v(24).
74
Let u(p) = -3*p**2 + 269*p - 1504. What is u(6)?
2
Let x(l) = 19*l**3 + 3*l**2 - 12*l - 25. Calculate x(-2